8341 composite?
True
Is 100797 a composite number?
True
Is 673 prime?
True
Is 113 a prime number?
True
Is 163329 a prime number?
False
Is 2033 prime?
False
Is 359 composite?
False
Is 4317553 prime?
True
Is 42557 prime?
True
Is 217661 a prime number?
True
Is 3761 a prime number?
True
Is 54169 a prime number?
False
Is 25489 prime?
False
Is 2363 a prime number?
False
Is 14813 composite?
False
Is 382117 a composite number?
False
Is 492389 composite?
False
Is 7031 a prime number?
False
Is 7717 prime?
True
Is 289717 composite?
False
Is 65399 a composite number?
True
Is 419191 composite?
False
Is 21667 prime?
False
Is 47819 a prime number?
True
Is 87443 prime?
True
Is 23601 prime?
False
Is 3907 composite?
False
Is 2394479 a prime number?
True
Is 6991 prime?
True
Is 549365 prime?
False
Is 32081 a composite number?
True
Is 235821 a prime number?
False
Is 5051 composite?
False
Is 376463 composite?
False
Is 33179 a composite number?
False
Is 158 composite?
True
Is 257399 a composite number?
False
Is 351389 a composite number?
True
Is 673 prime?
True
Is 19535 composite?
True
Is 8501 composite?
False
Is 13451 prime?
True
Is 3739 composite?
False
Is 10049 prime?
False
Is 312482 a prime number?
False
Is 415931 a prime number?
True
Is 14489 a composite number?
False
Is 27149 a composite number?
True
Is 1711 prime?
False
Is 613727 prime?
False
Is 8859 composite?
True
Is 281509 prime?
True
Is 64661 prime?
True
Is 7261 a prime number?
False
Is 2469277 prime?
True
Is 524663 composite?
True
Is 255173 prime?
True
Is 156763 a prime number?
False
Is 4285 composite?
True
Is 65327 a composite number?
False
Is 3473 a prime number?
False
Is 244619 a composite number?
False
Is 250619 a composite number?
False
Is 119321 a prime number?
True
Is 1727 a composite number?
True
Is 47597 composite?
True
Is 393809 a prime number?
False
Is 80167 a prime number?
True
Is 12982 a prime number?
False
Is 40739 a composite number?
False
Is 564106 composite?
True
Is 217603 prime?
False
Is 243053 a composite number?
True
Is 181069 a composite number?
True
Is 35863 a prime number?
True
Is 404693 a composite number?
False
Is 144751 a prime number?
True
Is 13829 composite?
False
Is 26303 a prime number?
False
Is 13289 composite?
True
Is 1350313 composite?
False
Is 5317 a composite number?
True
Is 214043 composite?
False
Is 31457 a prime number?
False
Is 5855 a composite number?
True
Is 1973 a composite number?
False
Is 436223 prime?
False
Is 51806 prime?
False
Is 11239 prime?
True
Is 16249 composite?
False
Is 1481 a prime number?
True
Is 223394 a composite number?
True
Is 172307 a composite number?
False
Is 30467 composite?
False
Is 2291959 prime?
True
Is 74371 prime?
False
Is 8594 prime?
False
Is 341755 composite?
True
Is 67874 a composite number?
True
Is 25003 a prime number?
False
Is 1113863 composite?
False
Is 86563 a prime number?
False
Is 203789 composite?
False
Is 179 a prime number?
True
Is 855031 a prime number?
True
Is 779413 a composite number?
False
Is 9665 a composite number?
True
Is 17783 prime?
True
Is 160051 a prime number?
False
Is 18595 a composite number?
True
Is 2039881 a prime number?
False
Is 4583 a composite number?
False
Is 901 composite?
True
Is 376679 a composite number?
False
Is 59333 prime?
True
Is 4091 a prime number?
True
Is 6607 a prime number?
True
Is 61613 composite?
False
Is 2669 prime?
False
Is 240299 a composite number?
True
Is 18805 a prime number?
False
Is 80371 a composite number?
True
Is 2293 a composite number?
False
Is 60859 a composite number?
False
Is 29363 prime?
True
Is 562943 a composite number?
False
Is 501959 a prime number?
False
Is 21971 composite?
True
Is 250343 composite?
False
Is 6007 composite?
False
Is 2749181 a composite number?
True
Is 5833 a prime number?
False
Is 28643 a composite number?
False
Is 1095277 a composite number?
True
Is 21467 a composite number?
False
Is 7369 composite?
False
Is 371927 prime?
True
Is 734369 prime?
False
Is 321601 prime?
False
Is 3677633 prime?
True
Is 168193 composite?
False
Is 135781 composite?
False
Is 13367 a prime number?
True
Is 425591 a prime number?
True
Is 23113 prime?
False
Is 17855 a composite number?
True
Is 839117 a prime number?
True
Is 2277589 a composite number?
True
Is 9183 a prime number?
False
Is 267781 composite?
False
Is 5623 composite?
False
Is 12781 prime?
True
Is 72403 prime?
False
Is 3029467 a composite number?
True
Is 58451 prime?
True
Is 70043 composite?
True
Is 5021 prime?
True
Is 24011 prime?
False
Is 23957 prime?
True
Is 14377 a prime number?
False
Is 91 composite?
True
Is 2899 prime?
False
Is 117799 prime?
False
Is 12829 a composite number?
False
Is 99961 prime?
True
Is 92271 composite?
True
Is 760393 a composite number?
True
Is 41269 prime?
True
Is 167182 a prime number?
False
Is 213917 a prime number?
False
Is 84703 composite?
True
Is 68311 a prime number?
True
Is 21041 composite?
True
Is 11771 a prime number?
False
Is 9033 composite?
True
Is 2819 a prime number?
True
Is 48835 a prime number?
False
Is 9661 composite?
False
Is 7993 composite?
False
Is 3712823 prime?
True
Is 274817 a composite number?
False
Is 10559 a composite number?
False
Is 467351 prime?
False
Is 3194 a prime number?
False
Is 90653 a prime number?
False
Is 191 composite?
False
Is 38105 prime?
False
Is 1957 a prime number?
False
Is 19913 prime?
True
Is 21713 a prime number?
True
Is 2287867 a composite number?
True
Is 123051 composite?
True
Is 292553 a composite number?
True
Is 62711 a prime number?
False
Is 36187 a prime number?
True
Is 411067 a prime number?
True
Is 6017 a prime number?
False
Is 708451 a composite number?
True
Is 649729 prime?
False
Is 43391 composite?
False
Is 95311 composite?
False
Is 156413 prime?
False
Is 10007 a prime number?
True
Is 8501 a composite number?
False
Is 49169 a composite number?
False
Is 5669 a prime number?
True
Is 690817 prime?
True
Is 213 composite?
True
Is 6353 composite?
False
Is 331879 composite?
True
Is 11027 a prime number?
True
Is 75283 a prime number?
False
Is 4861 a prime number?
True
Is 448637 prime?
False
Is 111721 a prime number?
True
Is 117353 a prime number?
True
Is 528863 prime?
True
Is 934597 a composite number?
False
Is 759757 a prime number?
True
Is 199246 prime?
False
Is 23551 a prime number?
False
Is 18667 a composite number?
True
Is 181997 a composite number?
False
Is 3949 a prime number?
False
Is 1454617 a prime number?
False
Is 5261 a composite number?
False
Is 446 prime?
False
Is 428003 a composite number?
False
Is 21551 composite?
True
Is 68677 a prime number?
False
Is 88853 a prime number?
True
Is 142271 prime?
True
Is 2747 prime?
False
Is 504547 composite?
False
Is 41341 a composite number?
False
Is 14489 composite?
False
Is 161153 prime?
False
Is 178081 a composite number?
True
Is 9029 a prime number?
True
Is 17377 a composite number?
False
Is 192431 prime?
True
Is 1361 a composite number?
False
Is 89477 a prime number?
True
Is 364801 a prime number?
True
Is 4559 prime?
False
Is 96893 a composite number?
False
Is 1751417 a composite number?
True
Is 24899 prime?
False
Is 103063 a composite number?
True
Is 35069 a prime number?
True
Is 1391353 composite?
False
Is 71693 a prime number?
True
Is 2461 prime?
False
Is 2095 a composite number?
True
Is 57907 a composite number?
True
Is 149 a prime number?
True
Is 5327021 a prime number?
False
Is 8285 prime?
False
Is 96865 a prime number?
False
Is 24031 a composite number?
True
Is 499823 composite?
True
Is 19547 prime?
False
Is 131935 a composite number?
True
Is 387071 composite?
False
Is 47305 composite?
True
Is 7555 composite?
True
Is 3491 prime?
True
Is 238223 composite?
False
Is 76421 composite?
False
Is 7339 composite?
True
Is 1201 a prime number?
True
Is 152301 a prime number?
False
Is 311158 composite?
True
Is 3385 composite?
True
Is 36061 a prime number?
True
Is 1520983 a prime number?
True
Is 170077 a prime number?
False
Is 863 a composite number?
False
Is 210391 prime?
True
Is 279311 prime?
True
Is 179923 a prime number?
True
Is 55871 a prime number?
True
Is 30341 a composite number?
False
Is 7597 prime?
False
Is 11483 composite?
False
Is 1049 a composite number?
False
Is 31829 composite?
True
Is 31357 prime?
True
Is 1301147 composite?
False
Is 354181 prime?
True
Is 14281 a composite